{"id":675,"date":"2025-04-28T20:46:40","date_gmt":"2025-04-28T20:46:40","guid":{"rendered":"https:\/\/vaylanvarrenkylase.wixsite.com\/kylaseura\/about-1-1"},"modified":"2025-04-28T20:46:40","modified_gmt":"2025-04-28T20:46:40","slug":"tulokset-2022","status":"publish","type":"page","link":"http:\/\/www.vaylanvarrenkylaseura.fi\/index.php\/tulokset-2022\/","title":{"rendered":"Tulokset 2022"},"content":{"rendered":"\n<h1 class=\"wp-block-heading\">TORNION- MUONIONJOEN LOHIKUNINKUUS SAALISTILASTO<\/h1>\n\n\n\n<h1 class=\"wp-block-heading\">TILASTOON ON KIRJATTU KALAN PAINO, PITUUS, KALASTAJA.<\/h1>\n\n\n\n<h1 class=\"wp-block-heading\">P\u00e4ivitetty klo 12:00<br><br>&nbsp; 16,26kg 119.5cm Koskenniemi Mika<br>&nbsp; 13,10kg 112,5cm Collin Tommi<br>&nbsp; 12,32kg 105.5cm Taikina-aho Heikki<br>&nbsp; 11,50kg 107cm&nbsp; Palosaari Juhani&lt;<br>&nbsp; 10,12kg 105cm&nbsp; Nousiainen Sami<br>&nbsp; &nbsp;9,46kg 102cm Haapakari Ville-Pekka<br>&nbsp; &nbsp;9,44kg 101cm Kiljander Pertti<br>&nbsp; &nbsp;8,20kg 96cm Rautio Paavo<br>&nbsp; &nbsp;8,16kg 93cm Kaastinen Tero&nbsp;<br>&nbsp; &nbsp;8,16kg 93cm Aalto Mika<br>&nbsp; &nbsp;7,38kg 90cm T\u00f6rm\u00e4nen Tuomas<br>&nbsp; &nbsp;7,34kg 93cm Haataja Raimo<br>&nbsp; &nbsp;7,24kg 90cm Sonkaj\u00e4rvi Janne<br>&nbsp; &nbsp;7,12kg 87.5cm Nyberg Jari<br>&nbsp; &nbsp;6,94kg 91cm Vaarala Arto<br>&nbsp; &nbsp;6,70kg 91cm Piesk\u00e4&nbsp; Vesa<br>&nbsp; &nbsp;6,60kg 86cm Lapinniemi Jorma<br>&nbsp; &nbsp;6,32kg 89cm Kosonen Jouko<br>&nbsp; &nbsp;5,96kg 86.5cm Marjala Jari<br>&nbsp; &nbsp;5,92kg 86cm&nbsp; &nbsp;Maliniemi Ari<br>&nbsp; &nbsp;5,90kg 87.5cm Kallio Eemeli<br>&nbsp; &nbsp;5,68kg 84cm Toivanen Jukka<br>&nbsp; &nbsp;5,44kg 83cm Meht\u00e4l\u00e4 Jari<br>&nbsp; &nbsp;5,26kg 83cm Tasala Osku&nbsp;<br>&nbsp; &nbsp;5,10kg 79,5 Viita Aleksi<br>&nbsp; &nbsp;4,98kg 83cm Pietik\u00e4inen Joonas<br>&nbsp; &nbsp;4,78kg 80.5cm Kamunen Nuutti<br>&nbsp; &nbsp;4,12kg 79cm Kukkula Miika&nbsp;<br>&nbsp; &nbsp;4,10kg 78cm Kreivi Arthur<br><br>&nbsp; &nbsp;5,84kg 86cm Maliniemi Ari<br>&nbsp; &nbsp;4,40kg 81cm Meht\u00e4l\u00e4 Jari<br><br><strong>ARVONNAN TULOKSET<\/strong><\/h1>\n\n\n\n<h1 class=\"wp-block-heading\">1. Robottiruohonleikkuri Stihl RMI422 PC + L-koon asennussetti: Tiina Miettinen<\/h1>\n\n\n\n<h1 class=\"wp-block-heading\">2. Fatbike Nishiki Durango: Jani Kallo<\/h1>\n\n\n\n<h1 class=\"wp-block-heading\">3. Lahjakortti Naamisuvantoon: Katja J\u00e4rvisalo<\/h1>\n\n\n\n<h1 class=\"wp-block-heading\">4. LG 50&#8243; TV: Antti Pet\u00e4j\u00e4niemi<\/h1>\n\n\n\n<h1 class=\"wp-block-heading\">Onnittelut kaikille voittajille ja kiitos arvan ostaneille!<\/h1>\n","protected":false},"excerpt":{"rendered":"<p>TORNION- MUONIONJOEN LOHIKUNINKUUS SAALISTILASTO TILASTOON ON KIRJATTU KALAN PAINO, PITUUS, KALASTAJA. P\u00e4ivitetty klo 12:00 &nbsp; 16,26kg 119.5cm Koskenniemi Mika&nbsp; 13,10kg 112,5cm Collin Tommi&nbsp; 12,32kg 105.5cm Taikina-aho Heikki&nbsp; 11,50kg 107cm&nbsp; Palosaari Juhani&lt;&nbsp; 10,12kg 105cm&nbsp; Nousiainen Sami&nbsp; &nbsp;9,46kg 102cm Haapakari Ville-Pekka&nbsp; &nbsp;9,44kg 101cm Kiljander Pertti&nbsp; &nbsp;8,20kg 96cm Rautio Paavo&nbsp; &nbsp;8,16kg 93cm Kaastinen Tero&nbsp;&nbsp; &nbsp;8,16kg 93cm Aalto Mika&nbsp; [&hellip;]<\/p>\n","protected":false},"author":1,"featured_media":0,"parent":0,"menu_order":0,"comment_status":"closed","ping_status":"closed","template":"","meta":{"footnotes":""},"class_list":["post-675","page","type-page","status-publish","hentry"],"_links":{"self":[{"href":"http:\/\/www.vaylanvarrenkylaseura.fi\/index.php\/wp-json\/wp\/v2\/pages\/675","targetHints":{"allow":["GET"]}}],"collection":[{"href":"http:\/\/www.vaylanvarrenkylaseura.fi\/index.php\/wp-json\/wp\/v2\/pages"}],"about":[{"href":"http:\/\/www.vaylanvarrenkylaseura.fi\/index.php\/wp-json\/wp\/v2\/types\/page"}],"author":[{"embeddable":true,"href":"http:\/\/www.vaylanvarrenkylaseura.fi\/index.php\/wp-json\/wp\/v2\/users\/1"}],"replies":[{"embeddable":true,"href":"http:\/\/www.vaylanvarrenkylaseura.fi\/index.php\/wp-json\/wp\/v2\/comments?post=675"}],"version-history":[{"count":0,"href":"http:\/\/www.vaylanvarrenkylaseura.fi\/index.php\/wp-json\/wp\/v2\/pages\/675\/revisions"}],"wp:attachment":[{"href":"http:\/\/www.vaylanvarrenkylaseura.fi\/index.php\/wp-json\/wp\/v2\/media?parent=675"}],"curies":[{"name":"wp","href":"https:\/\/api.w.org\/{rel}","templated":true}]}}