{"id":585,"date":"2025-04-28T20:46:40","date_gmt":"2025-04-28T20:46:40","guid":{"rendered":"https:\/\/vaylanvarrenkylase.wixsite.com\/kylaseura\/about"},"modified":"2025-04-28T20:46:40","modified_gmt":"2025-04-28T20:46:40","slug":"toimintakertomukset","status":"publish","type":"page","link":"https:\/\/www.vaylanvarrenkylaseura.fi\/index.php\/toimintakertomukset\/","title":{"rendered":"Toimintakertomukset"},"content":{"rendered":"\n<p><\/p>\n\n\n\n<p>Toimintakertomus 2022<\/p>\n\n\n\n<p><\/p>\n\n\n\n<p>V\u00e4yl\u00e4nvarren kyl\u00e4seura ry:n toiminta jatkui vuonna 2022 samalla rungolla kuin edellisen\u00e4 vuonna. Tapahtumia j\u00e4rjestettiin eri puolilla toiminta-aluetta ja niiss\u00e4 pyrittiin huomioimaan kaiken ik\u00e4iset osallistujat. V\u00e4yl\u00e4nvartiset vakituiset ja vapaa-ajan asukkaat osallistuivat ahkerasti j\u00e4rjestettyihin tapahtumiin, joiden keskipisteen\u00e4 oli useimmiten leppoisan yhdess\u00e4olon lis\u00e4ksi hyv\u00e4 ruoka.<\/p>\n\n\n\n<p>Vuoden 2022 alkupuoliskolla ei tapahtumia j\u00e4rjestetty ennen vuosikokousta. Vuosikokous ruokailuineen pidettiin Ravintola Me\u00e4n Paikassa huhtikuun alussa ja siihen osallistui 26 aikuista sek\u00e4 13 lasta. Vuosikokous valitsi V\u00e4yl\u00e4nvarren kyl\u00e4seuran hallitukseen seuraavat henkil\u00f6t: Seppo Maijala, puheenjohtaja, Jari Issakainen, varapuheenjohtaja, Olavi Pet\u00e4j\u00e4niemi, rahastonhoitaja, Minna Lepola, sihteeri, Eija Koivumaa, j\u00e4sen, Pasi Pet\u00e4j\u00e4niemi, j\u00e4sen, Eeva-Maria Pudas, j\u00e4sen, Tuovi Rundgren, j\u00e4sen, Kaarina Joki, varaj\u00e4sen, Per Niva, varaj\u00e4sen Hallitus kokoontui vuoden aikana kolme kertaa.<\/p>\n\n\n\n<p><br>V\u00e4yl\u00e4nvarren kyl\u00e4seuran toiminnan perustana vuonna 2022 oli matalan osallistumiskynnyksen tapahtumat, jotka innostavat mukaan niin v\u00e4yl\u00e4nvartisia kuin muualtakin tulevia. Tapahtumien avulla pyrittiin lis\u00e4\u00e4m\u00e4\u00e4n alueen yhteis\u00f6llisyytt\u00e4 ja elinvoimaisuutta. Tapahtumista tiedotettiin internetsivuilla, sosiaalisen median kanavilla Facebookissa ja Instagramissa sek\u00e4 Whatsapp-ryhm\u00e4ss\u00e4. J\u00e4senet saivat tapahtumatiedotteet s\u00e4hk\u00f6postitse. Joistakin tapahtumista<br>oli ilmoitus paikallislehden Pid\u00e4 Mieless\u00e4 -palstalla. Kyl\u00e4kirje, jossa kerrattiin t\u00e4rkeimm\u00e4t kyl\u00e4seuran asiat sek\u00e4 tulevat tapahtumat, jaettiin toukokuun lopussa alueen postilaatikoihin.<\/p>\n\n\n\n<p><br>J\u00e4senm\u00e4\u00e4r\u00e4 vuonna 2022 pysyi l\u00e4hes samoissa lukemissa edellisvuoden kanssa ollen 90 t\u00e4ysi-ik\u00e4ist\u00e4 j\u00e4sent\u00e4. Lis\u00e4ksi alle 18 vuotiaita toiminnassa mukana olevia oli 22. L\u00e4hes puolet j\u00e4senist\u00e4 oli vapaa-ajan asukkaita tai muuten muualla kuin V\u00e4yl\u00e4nvarren kyl\u00e4seuran toiminta-alueella asuvia. J\u00e4senm\u00e4\u00e4r\u00e4n pysyminen tasaisena osoittanee j\u00e4senten tyytyv\u00e4isyyden kyl\u00e4seuran toiminnasta ja tapahtumista. Lis\u00e4ksi j\u00e4senet olivat aktiivisesti mukana toiminnassa talkoillen vajaan tuhannen tunnin edest\u00e4 kyl\u00e4seuran eteen.<\/p>\n\n\n\n<p>Vuonna 2021 lopussa p\u00e4\u00e4t\u00f6kseen saadun kehitt\u00e4mishankkeen j\u00e4lkeen vuonna 2022 keskityttiin perustoiminnan py\u00f6ritt\u00e4miseen. Toiminnassa kokeiltiin my\u00f6s joitakin uusia tapahtumia. Uusia tapahtumia olivat kaksi Mets\u00e4mieliretke\u00e4, jotka eiv\u00e4t innostaneet v\u00e4yl\u00e4nvartisia mukaan kuin yhden osallistujan verran. Luontokuvauksen avulla voimaannuttaminen ker\u00e4si muutaman osallistujan kun taas y\u00f6retki Kertun K\u00e4mp\u00e4lle ei saanut osallistujia.<\/p>\n\n\n\n<p>Tapahtumat, joissa oli tarjolla ruokaa, olivat suosittuja ja ker\u00e4siv\u00e4t jokainen 30-45 osallistujaa. N\u00e4m\u00e4 tapahtumat olivat:<br>\u2718 Kev\u00e4\u00e4n virkistysp\u00e4iv\u00e4 toukokuun viimeisen\u00e4 lauantaina (K. &amp; L. Joen luona Suvannon laavulla). Teemana varautuminen, josta kertomassa oli Lapin pelastuslaitos. Lopuksi oli mahdollisuus saunoa.<br>\u2718 Venetsialaiset elokuun viimeisen\u00e4 lauantaina (LappeanLohi). Ruuan lis\u00e4ksi nautittiin savusaunasta. Ruuan p\u00e4\u00e4lle kuunneltiin Harry Ylisaukko-ojan Oodeja Oivalluksille, laulettiin karaokea ja tanssittiin.<br>\u2718 Jouluruoka (Kotaravintola Sarakka, Yll\u00e4sj\u00e4rvi). Tapahtumaan j\u00e4rjestettiin bussikuljetus.<br>Edell\u00e4 mainitut tapahtumat olivat j\u00e4senille ilmaisia lukuunottamatta jouluruokailua, jonka kustannukset olivat huomattavasti isommat kuin muiden tapahtumien. Jouluruokailuun kaikilta 12 vuotta t\u00e4ytt\u00e4neilt\u00e4 perittiin viiden euron omavastuu. J\u00e4senist\u00f6n ulkopuolelta tulevilta n\u00e4ist\u00e4 tapahtumista perittiin omavastuumaksu.<\/p>\n\n\n\n<p><br>Vappuna j\u00e4rjestettiin tauolla ollut, perinteinen vapputapahtuma Kallioniemess\u00e4. Tarkoituksena oli polttaa vappukokko, joka kuitenkin jouduttiin perumaan voimakkaan tuulen vuoksi. Kokon sijasta paikalla pidettiin pient\u00e4 nuotiota, myytiin munkkeja sek\u00e4 grillimakkaraa ja kyytipojaksi l\u00e4mpimi\u00e4 juomia. My\u00f6s pika-arpoja oli myynniss\u00e4. Vapputapahtumassa vieraili kolmisenkymment\u00e4 k\u00e4vij\u00e4\u00e4, joten tapahtumalla on selke\u00e4sti paikkansa V\u00e4yl\u00e4nvarren tapahtumissa.<\/p>\n\n\n\n<p>V\u00e4yl\u00e4nvarren kyl\u00e4seuran suurin voimanponnistus oli t\u00e4n\u00e4kin vuonna Tornion- Muonionjoen Lohikuninkuus, joka j\u00e4rjestettiin 6.-7.8.2022. Kilpailukeskuksena toimi tuttuun tapaan LappeanLohi, jossa puitteet niin t\u00e4ytettyjen vohvelien myynnin kuin esiintyjien kannalta ovat erinomaiset. Lis\u00e4ksi alueella on valmiina riitt\u00e4v\u00e4 m\u00e4\u00e4r\u00e4 saniteettitiloja. Tapahtumaan suunniteltiin lapsille ja nuorille suunnattua ohjelmaa (taikuri) ja aktiviteetiksi erilaisia pihapelej\u00e4. Niiden<br>toteutuksen mahdollistamiseen haettiin ja saatiin Kolarin kunnalta yhteis\u00f6avustusta. Aktiviteeteiksi hankittiin mm. kolme kappaletta frisbeekoreja sek\u00e4 erilaisia puisia pihapelej\u00e4. Pihapelit ovat lainattavissa kyl\u00e4seuralta ja niit\u00e4 voidaan pit\u00e4\u00e4 tapahtumissa vapaasti k\u00e4ytett\u00e4viss\u00e4. Lohikuninkuustapahtuman kilpakorttiarpoja myytiin hieman edellisvuotta v\u00e4hemm\u00e4n, yhteens\u00e4 444 kpl. Tapahtuman markkinointiin ei k\u00e4ytetty rahaa edellisvuoden tapaan ja s\u00e4\u00e4 oli ep\u00e4vakainen, joten aivan samaan k\u00e4vij\u00e4m\u00e4\u00e4r\u00e4\u00e4 kilpailukeskuksessa, kuin vuonna 2021, ei t\u00e4n\u00e4 vuonna p\u00e4\u00e4sty. Tapahtumassa on kuitenkin havaittavissa sen saavan liikkeelle vuodesta toiseen innokkaita kalastajia Etel\u00e4-Suomea my\u00f6ten ja l\u00e4hiseudulla asuvat \/ lomailevat ihmiset k\u00e4yv\u00e4t sy\u00f6m\u00e4ss\u00e4 kyl\u00e4seuran herkullisia vohveleita. Kyl\u00e4seuran j\u00e4senet osallistuvat innokkaasti talkoillen tapahtuman j\u00e4rjest\u00e4miseen joten niin lohien punnitusvuorot kuin vohvelien paisto sek\u00e4 pika-arpojen myynti saatiin hyvin j\u00e4rjestetty\u00e4. Ik\u00e4haarukka talkoolaisissa on yl\u00e4asteik\u00e4isist\u00e4 el\u00e4kel\u00e4isiin. Tapahtuman tuotto oli merkitt\u00e4vin tulonl\u00e4hde kyl\u00e4seuralle vuonna 2022. Lis\u00e4ksi tapahtuman j\u00e4rjest\u00e4minen lis\u00e4si kyl\u00e4l\u00e4isten yhteis\u00f6llisyytt\u00e4. Samalla tapahtumalla saadaan lis\u00e4tty\u00e4 kalastajien m\u00e4\u00e4r\u00e4\u00e4 elokuun alkupuolelle<br>Tornion- Muonionjokivarressa.<\/p>\n\n\n\n<p><br>Leikkimielinen rannaltakalastustapahtuma, joka on suunnattu erityisesti nuorille, j\u00e4rjestettiin hein\u00e4kuussa, nyt toista kertaa. Sopivimmaksi paikaksi on valikoitunut Jouttensuvanto, jonka ranta on sopiva kalastukseen ja myyntikojun saa l\u00e4helle kalastuspaikkaa. Tapahtuma oli mukavan rentoa yhdess\u00e4oloa ja kaikki alle 18-vuotiaiden sarjaan osallistuneet palkittiin. Tapahtumassa oli buffetti, josta sai mm. munkkeja ja grillimakkaraa sek\u00e4 pika-arpoja.<\/p>\n\n\n\n<p><br>Muita tapahtumia, joissa kyl\u00e4seuran j\u00e4senet tapasivat toisiaan olivat:<br>\u2718 kotailta Korkealehdon n\u00e4k\u00f6tornilla kes\u00e4kuussa<br>\u2718 laavuilta Jauhosuvannossa lokakuussa, mukana Suvi Lassila soittamassa haitaria ja laulattamassa<br>\u2718 joululauluiltap\u00e4iv\u00e4 LappeanLohessa joulukuussa, jossa Suvi Lassila tahditti haitarilla kirjastonv\u00e4en toimiessa esilaulajina.<br>N\u00e4iss\u00e4 tapahtumissa oli tarjolla makkaraa tai pient\u00e4 purtavaa sek\u00e4 juomista.<\/p>\n\n\n\n<p><br>Talviaikaan niin vapaa-ajan kuin vakituisetkin asukkaat saivat nauttia hiihdosta hyvin hoidetuilla laduilla. Latu Marjaniityn laavulta V\u00f6yl\u00e4np\u00e4\u00e4st\u00e4 Pellon kunnan rajalle Kallioniemeen liittyy Pellon kunnan laajaan latuverkostoon ja tarjoaa kymmenien kilometrien edest\u00e4 hiihtoel\u00e4myksi\u00e4. V\u00e4yl\u00e4nvarren kyl\u00e4seura maksaa Jokivartisten kyl\u00e4seuralle latuosuutensa ajosta tampparilla ja saa t\u00e4h\u00e4n latuavustusta Kolarin kunnalta. My\u00f6s Lappeasta l\u00f6ytyy yhden kyl\u00e4l\u00e4isen toimesta hoidettu latu, joka on profiililtaan erinomainen riippumatta siit\u00e4, oletko sunnuntaihiiht\u00e4j\u00e4 vai treenaatko tavoitteellisesti.<\/p>\n\n\n\n<p><br>Rahoitusta kyl\u00e4seuran toimintaan ker\u00e4ttiin tapahtumien yhteydess\u00e4 \u00e4rjestetyill\u00e4 pika-arpajaisilla. N\u00e4ist\u00e4 tuotot olivat kuitenkin melko pieni\u00e4. Yhdess\u00e4 Tornion- Muonionjoen lohikuninkuus tapahtuman tuoton kanssa talous saatiin pysym\u00e4\u00e4n kutakuinkin tasapainossa. S\u00e4\u00e4st\u00f6\u00f6n tulevia investointeja ja tapahtumia varten rahaa ei saatu ker\u00e4tty\u00e4.<\/p>\n\n\n\n<p>Kokonaisuutena mennyt vuosi 2022 oli V\u00e4yl\u00e4nvarren kyl\u00e4seuran toiminnassa hyvin aktiivinen. Toiminnan avulla jokivarren ihmiset ovat tavanneet toisiaan, on tutustuttu uusiin ihmisiin ja kiinnostus kyl\u00e4seuran toimintaa kohtaan on kasvanut. Alueella elet\u00e4\u00e4n yhteis\u00f6llisemp\u00e4\u00e4 arkea kuin aiemmin, josta erityisesti i\u00e4kk\u00e4\u00e4mmilt\u00e4 asukkailta on tullut positiivista palautetta. Tulevaisuuden haasteena on edelleen varainkeruu, johon tulee l\u00f6yt\u00e4\u00e4 uusia tapoja, jotta p\u00e4\u00e4omaa saadaan kasvatettua niin olemassa olevien reittien kuin tulevaisuuden kehitt\u00e4miskohteiden toteuttamiseen. My\u00f6s vuonna 2023 alkava uusi hankerahoituskausi ja sen mahdollisuudet tulee huomioida miettiess\u00e4 tapoja kehitt\u00e4\u00e4 V\u00e4yl\u00e4nvarren aluetta.<\/p>\n\n\n\n<p><\/p>\n\n\n\n<p>Toimintakertomus 2021<\/p>\n\n\n\n<p><\/p>\n\n\n\n<p>Vuonna 2021 V\u00e4yl\u00e4nvarren kyl\u00e4seura ry toiminta mietittiin sellaiseksi, ett\u00e4 Covid-19 tilanteesta huolimatta tapahtumia kyettiin j\u00e4rjest\u00e4m\u00e4\u00e4n. Toiminnasta j\u00e4iv\u00e4t t\u00e4n\u00e4 vuonna pois kyl\u00e4illat sek\u00e4 yhteisty\u00f6ss\u00e4 rajaseudun muiden kyl\u00e4yhdistysten kanssa j\u00e4rjestett\u00e4v\u00e4t Me\u00e4n Hihto ja H-pilkki. Muita tapahtumia j\u00e4rjestettiin painotuksen ollessa ulkotilaisuuksissa. Tapahtumien toteuttamiseen saatiin mukaan uusia kyl\u00e4l\u00e4isi\u00e4 ja niihin osallistuttiin runsaslukuisesti.<\/p>\n\n\n\n<p>V\u00e4yl\u00e4nvarren kyl\u00e4seuran uusi hallitus jatkoi vuonna 2020 alkanutta ty\u00f6t\u00e4 toimintakulttuurin luomiseksi ja avoimmuuden lis\u00e4\u00e4miseksi. Kyl\u00e4seuralle perustettiin internet-, Facebook- ja Instagram-sivut, joilla voidaan jakaa tietoa niin kyl\u00e4seurasta, sen toiminnasta kuin tapahtumistakin. Somealustoille tehtiin p\u00e4ivitykset tulevista ja menneist\u00e4 tapahtumista sek\u00e4 jonkin verran ajantasaista infoa toiminta-alueeseen liittyen. J\u00e4senille l\u00e4hetettiin tulevista tapahtumista tiedotteita s\u00e4hk\u00f6postitse viisi kertaa. Jokaiseen alueen postilaatikkoon jaettavat kyl\u00e4kirjeet jaettiin kaksi kertaa niin, ett\u00e4 toinen kirje kes\u00e4n alussa pyrittiin viem\u00e4\u00e4n my\u00f6s m\u00f6kkil\u00e4isille, joilla ei ole postilaatikkoa. Tapahtumista tiedotettiin ja kuulumisia vaihdettiin my\u00f6s V\u00e4yl\u00e4nvarren kyl\u00e4seuran WhatsApp-ryhm\u00e4ss\u00e4. Joistakin tapahtumista saatiin juttu paikalliseen Luoteis-Lappi lehteen.<\/p>\n\n\n\n<p><br>J\u00e4senm\u00e4\u00e4r\u00e4\u00e4 onnistuttiin kasvattamaan yli kaksinkertaiseksi vuonna 2021 m\u00e4\u00e4r\u00e4n ollen vuoden lopussa 86 t\u00e4ysi-ik\u00e4ist\u00e4 j\u00e4sent\u00e4. L\u00e4hes puolet j\u00e4senist\u00e4 oli m\u00f6kkil\u00e4isi\u00e4 tai muuten muualla kuin V\u00e4yl\u00e4nvarren kyl\u00e4seuran toiminta-alueella asuvia. Aktiivisen toiminnan my\u00f6t\u00e4 kiinnostus kyl\u00e4seuran j\u00e4senyytt\u00e4 kohtaan on selv\u00e4sti kasvanut. J\u00e4senet ja muut v\u00e4yl\u00e4nvartiset k\u00e4yttiv\u00e4t vuonna 2021 ajastaan noin 1 145 tuntia kyl\u00e4seuran toiminnan eteen.<br>&nbsp;<\/p>\n\n\n\n<p>Vuonna 2021 V\u00e4yl\u00e4nvarren kyl\u00e4seuran hallituksessa toimivat seuraavat henkil\u00f6t:<br>Eija Koivumaa, puheenjohtaja, Seppo Maijala, varapuheenjohtaja, Olavi Pet\u00e4j\u00e4niemi, rahastonhoitaja, Minna Lepola, sihteeri, Eeva-Maria Pudas, Tuovi Rundgren, Kaarina Joki, Mauri Kylm\u00e4maa, varaj\u00e4sen, Katja Kukka-Huovinen, varaj\u00e4sen. Hallitus kokoontui vuoden aikana yhteens\u00e4 viisi kertaa. Vuosikokous pidettiin kahvistelun lomassa huhtikuussa ja siihen osallistui 18 henkil\u00f6\u00e4 paikan p\u00e4\u00e4ll\u00e4 LappeanLohessa ja kolme et\u00e4n\u00e4.<\/p>\n\n\n\n<p>V\u00e4yl\u00e4nvarren kyl\u00e4seuran toiminnan p\u00e4\u00e4painopiste vuonna 2021 oli V\u00e4yl\u00e4nvarren toimintaymp\u00e4rist\u00f6n kehitt\u00e4mishankeessa, jonka tavoitteena oli luoda kest\u00e4v\u00e4n kehityksen mukainen V\u00e4yl\u00e4nvarren kylien kehitt\u00e4missuunnitelma, jossa kyl\u00e4n asukkaita, yrityksi\u00e4, m\u00f6kkil\u00e4isi\u00e4 ja yhdistyksi\u00e4 aktivoitiin yhdess\u00e4 suunnittelemaan ja kartoittamaan osaajia ja yritt\u00e4misen mahdollisuuksia yhteis\u00f6llisyyden ja elinkeinojen voimistamisen n\u00e4k\u00f6kulmasta.<\/p>\n\n\n\n<p>Hankkeelle palkattiin ty\u00f6ntekij\u00e4, jonka teht\u00e4v\u00e4n\u00e4 oli vet\u00e4\u00e4 hanketta. Hankkeen my\u00f6t\u00e4 j\u00e4rjestettiin kyl\u00e4l\u00e4isille erilaisia ty\u00f6pajoja. Hankekoordinaattoriksi palkattiin l\u00e4hell\u00e4 kyl\u00e4seuran toiminta-aluetta asunut Taika Kopra, jolla oli aiempaa hankekokemusta. T\u00e4rkeimm\u00e4t hankkeessa toteutuneet asiat:<br>\u25ba kyl\u00e4kyselyn toteutus ja vastausten koostaminen (kysely oli s\u00e4hk\u00f6inen, i\u00e4kk\u00e4\u00e4mpi\u00e4 kyl\u00e4l\u00e4isi\u00e4 k\u00e4ytiin haastattelemassa)<br>\u25ba alueen yritt\u00e4jien haastattelut<br>\u25ba ty\u00f6pajat, 6 kpl ja niiden my\u00f6t\u00e4 v\u00e4yl\u00e4nvartisten tutustuminen toisiinsa<br>\u25ba reittiselvitykset ja -ideointi<\/p>\n\n\n\n<p>\u25baV\u00e4yl\u00e4nvarren toimintaymp\u00e4rist\u00f6n kehitt\u00e4missuunnitelma, luettavissa osoitteessa www.vaylanvarrenkylaseura.fi\/<br>\u25ba hankkeen loppuraportti<\/p>\n\n\n\n<p><br>V\u00e4yl\u00e4nvarren kyl\u00e4seura j\u00e4rjesti kolme ruokailun sis\u00e4lt\u00e4v\u00e4\u00e4 tapahtumaa, virkistysp\u00e4iv\u00e4t toukokuussa (K. &amp; L. Joen luona Suvannon laavulla) ja elokuussa (LappeanLohi) sek\u00e4 jouluteemainen ruokailu marraskuussa (LappeanLohi). Kaikkien tapahtumien yhteydess\u00e4 oli saunomismahdollisuus. N\u00e4m\u00e4 tapahtumat oli j\u00e4senille ilmaisia ja ulkopuoliset saivat osallistua kymmenen euron omakustannehintaan. Jokaiseen tapahtumaan osallistui 40-50<br>henkil\u00f6\u00e4, joista osa oli muita kuin kyl\u00e4seuran j\u00e4seni\u00e4.<\/p>\n\n\n\n<p>Erilaisia kokoontumisia tuli luontevasti hankkeeseen liittyvien ty\u00f6pajojen kautta, joihin osallistuminen oli runsasta. Tapahtumissa, joita vuonna 2021 V\u00e4yl\u00e4nvarren kyl\u00e4seura j\u00e4rjesti, tutustuttiin uusiin ja vanhoihin v\u00e4yl\u00e4nvartisiin, niin loma- kuin vakituisasukkaisiinkin. Lappean latupohjaa kunnostettiin kes\u00e4n ja syksyn aikana osittain aktiivisten kyl\u00e4l\u00e4isten toimesta kunnan maksaessa heille ty\u00f6kulut pohjan tasoittamisesta ja osin kyl\u00e4seuran j\u00e4senten toimesta raivaamalla kasvustoa latupohjalta. Latupohjan V\u00e4yl\u00e4np\u00e4\u00e4 &#8211; Kallioniemi tulevaisuutta pohdittiin hankkeen ty\u00f6pajoissa miettien erilaisia vaihtoehtoja mahdolliseen ympyr\u00f6latuun. Toistaiseksi t\u00e4m\u00e4 Jokivartisten avustuksella kunnossa pidett\u00e4v\u00e4 latu pysyy entisenlaisena.<\/p>\n\n\n\n<p>Perinteinen Tornion- Muonionjoen lohikuninkuus -tapahtuma j\u00e4rjestettiin 7.-8.8.2021. Tapahtumaan haettiin Kolarin kunnalta yhteis\u00f6avustusta, jonka avulla pystyttiin sek\u00e4 lis\u00e4\u00e4m\u00e4\u00e4n mainostusta ett\u00e4 hankkimaan tapahtumaan esiintyji\u00e4.<br>Mainonta kohdennettiin siten, ett\u00e4 hankittiin tienvarsi banderolleja kaksi kappaletta, joita voi k\u00e4ytt\u00e4\u00e4 vuodesta toiseen vaihtamalla p\u00e4iv\u00e4m\u00e4\u00e4r\u00e4t. Lis\u00e4ksi tapahtumaa mainostettiin sek\u00e4 Tunturi-Lapin kes\u00e4 -lehdess\u00e4 ett\u00e4 Kokkolan seudulla ilmestyv\u00e4ss\u00e4 Pohjoisen asiakas -lehdess\u00e4. N\u00e4ill\u00e4 keinoin tapahtumalle pyrittiin saamaan lis\u00e4\u00e4 n\u00e4kyvyytt\u00e4 ja houkuttavuutta V\u00e4yl\u00e4nvarren alueen el\u00e4v\u00f6itt\u00e4miseksi ja kiinnostuksen lis\u00e4\u00e4miseksi. Tapahtuman kilpakorttiarpoja saatiin myyty\u00e4 33 kappaletta enemm\u00e4n kuin edellisen\u00e4 vuonna m\u00e4\u00e4r\u00e4n ollessa l\u00e4hes 500. Tapahtumap\u00e4ivin\u00e4 kilpailukeskuksessa LappeanLohessa riitti v\u00e4ke\u00e4 ja erityisesti esiintyj\u00e4t houkuttelivat paikalle yleis\u00f6\u00e4. Etenkin lauantai-illan tanssit olivat menestys, jonne saapui v\u00e4ke\u00e4 kauempaakin. Kyl\u00e4l\u00e4iset osallistuivat runsaslukuisesti tapahtuman toteuttamiseen nuorimpien talkoolaisten ollessa yl\u00e4asteik\u00e4isi\u00e4. Tapahtumasta saatu tuotto oli kyl\u00e4seuran talouden kannalta vuoden merkitt\u00e4vin. Rahallisen hy\u00f6dyn lis\u00e4ksi tapahtuma on merkityksellinen sek\u00e4 alueen ett\u00e4koko Tornion- Muonionjokivarren el\u00e4v\u00f6itt\u00e4miseksi ja yhteis\u00f6llisyyden luomiseksi.<\/p>\n\n\n\n<p><br>Taloudenhoidon kannalta merkitt\u00e4vien tapahtumien, Me\u00e4n Hihon ja H-pilkin, j\u00e4\u00e4ty\u00e4 vuonna 2021 pois, varoja ker\u00e4ttiin virkistysp\u00e4ivien ja muiden tapahtumien yhteydess\u00e4 j\u00e4rjestetyill\u00e4 pika-arpajaisilla. N\u00e4ill\u00e4 ei kuitenkaan p\u00e4\u00e4sty samaan tulokseen kuin isompien tapahtumien tuotoilla.<\/p>\n\n\n\n<p><br>Taloudellisia haasteita koettiin hankkeeseen liittyviss\u00e4 asioissa maksatushakemusten tuottaessa jonkin verran p\u00e4\u00e4nvaivaa ja maksatusp\u00e4\u00e4t\u00f6sten venyess\u00e4. Niinp\u00e4 hankkeeseen k\u00e4ytetyist\u00e4 varoista suurin osa maksetaan takaisin V\u00e4yl\u00e4nvarren kyl\u00e4seuralle vasta vuoden 2022 kev\u00e4\u00e4ll\u00e4.<\/p>\n\n\n\n<p><br>Toteutukseltaan vuosi 2021 oli monen vuoden j\u00e4lkeen eritt\u00e4in aktiivinen vuosi V\u00e4yl\u00e4nvarren kyl\u00e4seuran toiminnassa. Uusien j\u00e4senien my\u00f6t\u00e4 my\u00f6s talkoolaisten m\u00e4\u00e4r\u00e4 lis\u00e4\u00e4ntyi, joka helpottaa tapahtumien toteuttamista. Onnistuneiden tapahtumien my\u00f6t\u00e4 alue el\u00e4v\u00f6ityy, joka taas lis\u00e4\u00e4 houkuttavuutta ja viihtyisyytt\u00e4. Tulevaisuudessa kyl\u00e4seuran tulee pohtia lis\u00e4\u00e4 varainkeruutapoja, jottei toiminnan rahoitus ole kiinni yhdest\u00e4 isosta tapahtumasta. Aktiivinen kyl\u00e4seura tarvitsee p\u00e4\u00e4omaa j\u00e4rjest\u00e4\u00e4kseen erilaisia tapahtumia ymp\u00e4ri vuoden sek\u00e4 lis\u00e4ksi pit\u00e4m\u00e4\u00e4n olemassa olevat reitit kunnossa ja rakentamaan uusia yleishy\u00f6dyllisi\u00e4 reittej\u00e4 tai rakenteita.<\/p>\n","protected":false},"excerpt":{"rendered":"<p>Toimintakertomus 2022 V\u00e4yl\u00e4nvarren kyl\u00e4seura ry:n toiminta jatkui vuonna 2022 samalla rungolla kuin edellisen\u00e4 vuonna. Tapahtumia j\u00e4rjestettiin eri puolilla toiminta-aluetta ja niiss\u00e4 pyrittiin huomioimaan kaiken ik\u00e4iset osallistujat. V\u00e4yl\u00e4nvartiset vakituiset ja vapaa-ajan asukkaat osallistuivat ahkerasti j\u00e4rjestettyihin tapahtumiin, joiden keskipisteen\u00e4 oli useimmiten leppoisan yhdess\u00e4olon lis\u00e4ksi hyv\u00e4 ruoka. Vuoden 2022 alkupuoliskolla ei tapahtumia j\u00e4rjestetty ennen vuosikokousta. Vuosikokous ruokailuineen pidettiin [&hellip;]<\/p>\n","protected":false},"author":1,"featured_media":0,"parent":0,"menu_order":0,"comment_status":"closed","ping_status":"closed","template":"","meta":{"footnotes":""},"class_list":["post-585","page","type-page","status-publish","hentry"],"_links":{"self":[{"href":"https:\/\/www.vaylanvarrenkylaseura.fi\/index.php\/wp-json\/wp\/v2\/pages\/585","targetHints":{"allow":["GET"]}}],"collection":[{"href":"https:\/\/www.vaylanvarrenkylaseura.fi\/index.php\/wp-json\/wp\/v2\/pages"}],"about":[{"href":"https:\/\/www.vaylanvarrenkylaseura.fi\/index.php\/wp-json\/wp\/v2\/types\/page"}],"author":[{"embeddable":true,"href":"https:\/\/www.vaylanvarrenkylaseura.fi\/index.php\/wp-json\/wp\/v2\/users\/1"}],"replies":[{"embeddable":true,"href":"https:\/\/www.vaylanvarrenkylaseura.fi\/index.php\/wp-json\/wp\/v2\/comments?post=585"}],"version-history":[{"count":0,"href":"https:\/\/www.vaylanvarrenkylaseura.fi\/index.php\/wp-json\/wp\/v2\/pages\/585\/revisions"}],"wp:attachment":[{"href":"https:\/\/www.vaylanvarrenkylaseura.fi\/index.php\/wp-json\/wp\/v2\/media?parent=585"}],"curies":[{"name":"wp","href":"https:\/\/api.w.org\/{rel}","templated":true}]}}